{"id":121,"date":"2020-04-28T18:56:16","date_gmt":"2020-04-28T18:56:16","guid":{"rendered":"http:\/\/www.dcautoma.sk\/?page_id=121"},"modified":"2020-04-28T18:58:49","modified_gmt":"2020-04-28T18:58:49","slug":"kontaktne-udaje-2","status":"publish","type":"page","link":"https:\/\/www.dcautoma.sk\/?page_id=121","title":{"rendered":"Kontaktn\u00e9 \u00fadaje"},"content":{"rendered":"<p><!--StartFragment--><\/p>\n\n\n<p>faktura\u010dn\u00e1 adresa:<\/p>\n\n\n\n<p> DC AUTOMA, s.r.o.&nbsp;<br>Mur\u00e1niho 36\/26<br>Nitra &#8211; Diely 94911 <\/p>\n\n\n\n<p>adresa s\u00eddla prev\u00e1dzky:<\/p>\n\n\n\n<ul><li> DC AUTOMA, s.r.o.<\/li><li>Priemyseln\u00e1 4<\/li><li>Nitra 94901<\/li><\/ul>\n\n\n\n<p> kontakt :Milan Otras , mobil 00421 904326084 <\/p>\n\n\n\n<p> I\u010cO 51156679<br>DI\u010c 2120620821<br>I\u010c DPH SK2120620821 <\/p>\n\n\n\n<p> mail : dcautoma@dcautoma.sk<\/p>\n\n\n<p><!--EndFragment--><\/p>\n<p>Bankov\u00e9 spojenie : Primabanka<\/p>\n<p>IBAN : SK78 5600 0000 0050 1773 7001<\/p>\n<p>SWIFT k\u00f3d : KOMASK2X<\/p>","protected":false},"excerpt":{"rendered":"<p>faktura\u010dn\u00e1 adresa: DC AUTOMA, s.r.o.&nbsp;Mur\u00e1niho 36\/26Nitra &#8211; Diely 94911 adresa s\u00eddla prev\u00e1dzky: DC AUTOMA, s.r.o. Priemyseln\u00e1 4 Nitra 94901 kontakt :Milan Otras , mobil 00421 904326084 I\u010cO 51156679DI\u010c 2120620821I\u010c DPH SK2120620821 mail : dcautoma@dcautoma.sk Bankov\u00e9 spojenie : Primabanka IBAN : SK78 5600 0000 0050 1773 7001 SWIFT k\u00f3d : KOMASK2X<\/p>\n","protected":false},"author":1,"featured_media":0,"parent":0,"menu_order":0,"comment_status":"closed","ping_status":"closed","template":"","meta":[],"_links":{"self":[{"href":"https:\/\/www.dcautoma.sk\/index.php?rest_route=\/wp\/v2\/pages\/121"}],"collection":[{"href":"https:\/\/www.dcautoma.sk\/index.php?rest_route=\/wp\/v2\/pages"}],"about":[{"href":"https:\/\/www.dcautoma.sk\/index.php?rest_route=\/wp\/v2\/types\/page"}],"author":[{"embeddable":true,"href":"https:\/\/www.dcautoma.sk\/index.php?rest_route=\/wp\/v2\/users\/1"}],"replies":[{"embeddable":true,"href":"https:\/\/www.dcautoma.sk\/index.php?rest_route=%2Fwp%2Fv2%2Fcomments&post=121"}],"version-history":[{"count":4,"href":"https:\/\/www.dcautoma.sk\/index.php?rest_route=\/wp\/v2\/pages\/121\/revisions"}],"predecessor-version":[{"id":127,"href":"https:\/\/www.dcautoma.sk\/index.php?rest_route=\/wp\/v2\/pages\/121\/revisions\/127"}],"wp:attachment":[{"href":"https:\/\/www.dcautoma.sk\/index.php?rest_route=%2Fwp%2Fv2%2Fmedia&parent=121"}],"curies":[{"name":"wp","href":"https:\/\/api.w.org\/{rel}","templated":true}]}}